{"id":7,"date":"2018-07-21T12:34:47","date_gmt":"2018-07-21T12:34:47","guid":{"rendered":"http:\/\/kristof.kralovanszky.info\/?page_id=7"},"modified":"2020-06-25T19:17:39","modified_gmt":"2020-06-25T17:17:39","slug":"bemutatkozas","status":"publish","type":"page","link":"https:\/\/kralovanszky.hu\/index.php\/bemutatkozas\/","title":{"rendered":"Bemutatkoz\u00e1s"},"content":{"rendered":"<p>Kralov\u00e1nszky Krist\u00f3f vagyok. Budapesten sz\u00fclettem, \u00e9s ott v\u00e9geztem \u00e1ltal\u00e1nos iskolai \u00e9s k\u00f6z\u00e9piskolai tanulm\u00e1nyaimat is. Fels\u0151fok\u00fa \u00e9s posztgradu\u00e1lis v\u00e9gzetts\u00e9geim (r\u00e9szben folyamatban) az al\u00e1bbiak:<\/p>\n<p>2001 \u2013 2005\u00a0\u00a0\u00a0 Zr\u00ednyi Mikl\u00f3s Nemzetv\u00e9delmi Egyetem Bolyai J\u00e1nos Katonai M\u0171szaki Kar \u2013 <em>BSc, Biztons\u00e1gtechnikai m\u00e9rn\u00f6k<\/em><\/p>\n<p>2015 \u2013 2017\u00a0\u00a0\u00a0 Nemzeti K\u00f6zszolg\u00e1lati Egyetem, Hadtudom\u00e1nyi- \u00e9s Honv\u00e9dtisztk\u00e9pz\u0151 Kar \u2013 <em>MSc, V\u00e9delmi vezet\u00e9stechnikai rendszertervez\u0151 okl. m\u00e9rn\u00f6k<\/em><\/p>\n<p>2017 \u2013 Nemzeti K\u00f6zszolg\u00e1lati Egyetem, Katonai M\u0171szaki Doktori Iskola, doktorandusz \u2013 <em>kutat\u00e1si ter\u00fclet: A kiberhadvisel\u00e9s \u00e9s a kritikus inform\u00e1ci\u00f3s infrastrukt\u00far\u00e1k v\u00e9delm\u00e9nek hat\u00e1rter\u00fcletei \u00e9s egy\u00fcttm\u0171k\u00f6d\u00e9s\u00fck keretrendszere<\/em><\/p>\n<p>2018 \u2013 2019 (janu\u00e1r)\u00a0 Nemzeti K\u00f6zszolg\u00e1lati Egyetem, \u00c1llamtudom\u00e1nyi \u00e9s K\u00f6zigazgat\u00e1si Kar Vezet\u0151- \u00e9s Tov\u00e1bbk\u00e9pz\u00e9si K\u00f6zpont \u2013<em>Elektronikus inform\u00e1ci\u00f3biztons\u00e1gi vezet\u0151 (2013. \u00e9vi L. t\u00f6rv\u00e9nyben meghat\u00e1rozott elektronikus inform\u00e1ci\u00f3s rendszer biztons\u00e1g\u00e1\u00e9rt felel\u0151s szem\u00e9lyek feladatell\u00e1t\u00e1shoz sz\u00fcks\u00e9ges, hivatalos fels\u0151fok\u00fa szakk\u00e9pes\u00edt\u00e9s)<\/em><\/p>\n<p><strong><u>Tev\u00e9kenys\u00e9gek:<\/u><\/strong><\/p>\n<p>2003-t\u00f3l k\u00fcl\u00f6nb\u00f6z\u0151 adatb\u00e1zis rendszereket terveztem \u00e9s \u00e9p\u00edtettem ki a hozz\u00e1juk tartoz\u00f3 internetes megjelen\u00edt\u00e9si fel\u00fclet tervez\u00e9s\u00e9vel \u00e9s programoz\u00e1s\u00e1val egy\u00fctt. 2004-t\u0151l kieg\u00e9sz\u00fclt e tev\u00e9kenys\u00e9g informatikai h\u00e1l\u00f3zatok (LAN \u00e9s WAN) tervez\u00e9s\u00e9vel, kivitelez\u00e9s\u00e9vel, \u00fczemeltet\u00e9s\u00e9vel majd ezek tov\u00e1bbi fejleszt\u00e9s\u00e9vel, k\u00fcl\u00f6n\u00f6sen adat\u00e1tviteli technol\u00f3gi\u00e1k diverzifik\u00e1l\u00e1s\u00e1val.<\/p>\n<p>2006-t\u00f3l a fentiek mellett t\u00f6bb vagyonv\u00e9delmi rendszer \u00e9s t\u00e9rfigyel\u0151 rendszer (mag\u00e1n \u00e9s \u00f6nkorm\u00e1nyzati egyar\u00e1nt) tervez\u00e9s\u00e9ben \u00e9s kivitelez\u00e9s\u00e9ben vettem r\u00e9szt. E rendszerek \u00fczemeltet\u00e9si feladatait is r\u00e9szben \u00e9n l\u00e1ttam el.<\/p>\n<p>2010-t\u0151l t\u00f6bb orsz\u00e1gos szint\u0171 komplex video megfigyel\u0151 \u00e9s biztons\u00e1gtechnikai rendszer tervez\u00e9s\u00e9ben \u00e9s kialak\u00edt\u00e1sban vettem r\u00e9szt, illetve azokban akt\u00edvan k\u00f6zrem\u0171k\u00f6dtem.<\/p>\n<p>2012-t\u0151l az eg\u00e9szs\u00e9g\u00fcgyi \u00e1gazatban t\u00f6bb telephelyen m\u0171k\u00f6d\u0151 k\u00f3rh\u00e1zi rendszerek, illetve eg\u00e9szs\u00e9g\u00fcgyi k\u00e9pfeldolgoz\u00f3 rendszerek integr\u00e1ci\u00f3j\u00e1t terveztem \u00e9s alak\u00edtottam ki mind h\u00e1l\u00f3zat tervez\u00e9s, mind megval\u00f3s\u00edt\u00e1s vonatkoz\u00e1s\u00e1ban, speci\u00e1lis hangs\u00fallyal az adat- \u00e9s inform\u00e1ci\u00f3biztons\u00e1gra. A jelenleg Magyarorsz\u00e1gon m\u0171k\u00f6d\u0151 egyik meghat\u00e1roz\u00f3 \u00e9s komplex teleradiol\u00f3giai rendszer tervez\u00e9s\u00e9t \u00e9s kivitelez\u00e9s\u00e9t is \u00e9n v\u00e9geztem.<\/p>\n<p>2016-2017 k\u00f6z\u00f6tt a szerb-magyar hat\u00e1ron \u00fczemel\u0151 Ideiglenes Biztons\u00e1gi Hat\u00e1rz\u00e1r videotechnikai, rezg\u00e9s- \u00e9s mozg\u00e1s\u00e9rz\u00e9kel\u0151 rendszer\u00e9nek ki\u00e9p\u00edt\u00e9se, telep\u00edt\u00e9se, be\u00fczemel\u00e9se a kapcsol\u00f3d\u00f3 egy\u00e9b infokommunik\u00e1ci\u00f3s \u00e9s inform\u00e1ci\u00f3biztons\u00e1gi rendszerekkel, vezet\u0151 f\u0151m\u00e9rn\u00f6ki poz\u00edci\u00f3ban. Teszt\u00fczem komplex fel\u00fcgyelete, teljes vezet\u00e9si, ir\u00e1ny\u00edt\u00e1si \u00e9s megval\u00f3s\u00edt\u00e1si felel\u0151ss\u00e9ggel, mind a sz\u00e1ll\u00edt\u00f3 fel\u00e9, mind az Orsz\u00e1gos Rend\u0151rf\u0151kapit\u00e1ny \u00e9s a Bel\u00fcgyminiszter fel\u00e9.<\/p>\n<p>2018 teljes \u00e9vben a fenti rendszer \u00fczemeltet\u00e9s\u00e9nek biztos\u00edt\u00e1sa, az \u00fczemeltet\u00e9st v\u00e9gz\u0151 koll\u00e9g\u00e1k szakmai fel\u00fcgyelete \u00e9s koordin\u00e1l\u00e1sa, a megfelel\u0151 \u00fczemeltet\u00e9si rendszer teljes kialak\u00edt\u00e1sa \u00e9s megrendel\u0151i (BM, ORFK) j\u00f3v\u00e1hagyat\u00e1sa.<\/p>\n<p>2020 j\u00fanius\u00e1t\u00f3l &#8211; az eg\u00e9szs\u00e9g\u00fcgyi inform\u00e1ci\u00f3- \u00e9s adatbiztons\u00e1gi, valamint tan\u00e1csad\u00e1si feladatok mellett &#8211; a Nemzeti K\u00f6zszolg\u00e1lati Egyetem Elektronikai Hadvisel\u00e9si Tansz\u00e9k\u00e9nek tan\u00e1rseg\u00e9di feladatait is ell\u00e1tom \u00e9s ennek keret\u00e9ben oktatok BSc, MSc \u00e9s MA k\u00e9pz\u00e9seken &#8211; t\u00f6bbek k\u00f6z\u00f6tt &#8211; kiberhadvisel\u00e9st, elektronikai hadvisel\u00e9st \u00e9s inform\u00e1ci\u00f3s m\u0171veleteket.<\/p>\n<p><strong><u>Egy\u00e9b tapasztalatok:<\/u><\/strong><\/p>\n<p>Jelent\u0151s tapasztalattal rendelkezem honv\u00e9ds\u00e9gi, rend\u0151rs\u00e9gi, \u00f6nkorm\u00e1nyzati ter\u00fcleteken, csak\u00fagy, mint a versenyszf\u00e9r\u00e1ban \u00e9s az eg\u00e9szs\u00e9g\u00fcgyben (\u00e1llami \u00e9s mag\u00e1n egyar\u00e1nt). E tapasztalataimat gazdas\u00e1gi t\u00e1rsas\u00e1g vezet\u0151jek\u00e9nt, illetve v\u00e1llalkoz\u00f3k\u00e9nt szereztem.<\/p>\n<p><strong><u>Nyelvismeret:<\/u><\/strong><\/p>\n<ul>\n<li>Angol katonai szakanyaggal b\u0151v\u00edtett fels\u0151fok\u00fa \u201cC\u201d nyelvvizsga<\/li>\n<li>Alapfok\u00fa n\u00e9met sz\u00f6veg\u00e9rt\u00e9s<\/li>\n<\/ul>\n<p><strong><u>Rendszer, technol\u00f3giai gyakorlat:<\/u><\/strong><\/p>\n<ul>\n<li>F\u0151bb CCTV rendszerek \u00e9s f\u0151bb biztons\u00e1gtechnikai rendszerek (analog \u00e9s IP);<\/li>\n<li>Automatikus t\u0171zolt\u00f3 (sprinkler) rendszerek<\/li>\n<li>F\u0151bb HIS, RIS \u00e9s teleradiol\u00f3giai rendszerek<\/li>\n<li>Microsoft asztali \u00e9s szerver oper\u00e1ci\u00f3s rendszerek, Microsoft szerver alkalmaz\u00e1sok<\/li>\n<li>Javascript, VBScript, T-SQL, HTML programnyelvek<\/li>\n<li>K\u00fcl\u00f6nb\u00f6z\u0151 MS SQL alap\u00fa, MS IIS ASP front-end adatb\u00e1zis-kezel\u0151 rendszerek fejleszt\u00e9se, telep\u00edt\u00e9se, folyamatos \u00fczemeltet\u00e9se (2001-2017, Zr\u00ednyi Mikl\u00f3s Nemzetv\u00e9delmi Egyetem komplex k\u00f6lts\u00e9gvet\u00e9si\/p\u00e9nz\u00fcgyi rendszere, NATO szervezeti egys\u00e9gek k\u00f6lts\u00e9gvet\u00e9si rendszerei, versenyszf\u00e9ra r\u00e9szleges v\u00e1llalatir\u00e1ny\u00edt\u00e1si rendszerek)<\/li>\n<li>Eg\u00e9szs\u00e9g\u00fcgyi leletez\u0151 rendszerek \u00e9s k\u00f3rh\u00e1zi rendszerek integr\u00e1ci\u00f3ja (2003-2006)<\/li>\n<li>Digit\u00e1lis CT\/MR leletez\u00e9si rendszer kidolgoz\u00e1sa, illeszt\u00e9se \u00e9s implement\u00e1ci\u00f3ja (end-to-end), \u00e9vi 100.000 lelet feldolgoz\u00e1si kapacit\u00e1ssal (2008)<\/li>\n<li>T\u00e9rfigyel\u0151 \u00e9s biztons\u00e1gtechnikai rendszerek tervez\u00e9se \u00e9s kialak\u00edt\u00e1sa (2009-2011)<\/li>\n<li>Sportl\u00e9tes\u00edtm\u00e9nyek arcfelismer\u0151- \u00e9s bel\u00e9ptet\u0151 rendszerei lehets\u00e9ges implement\u00e1ci\u00f3j\u00e1nak kidolgoz\u00e1sa Magyarorsz\u00e1gon (2011-2012 \u2013 Magyarorsz\u00e1gon nem val\u00f3sult meg, sz\u00e1mos egy\u00e9b orsz\u00e1gban sikeresen m\u0171k\u00f6dik)<\/li>\n<li>Digit\u00e1lis CT\/MR t\u00e1vleletez\u00e9si rendszer kidolgoz\u00e1sa (end-to-end), illeszt\u00e9se \u00e9s implement\u00e1ci\u00f3ja, \u00e9vi 50.000 lelet feldolgoz\u00e1si kapacit\u00e1ssal (2012)<\/li>\n<li>Orsz\u00e1gos elektronikus eg\u00e9szs\u00e9g\u00fcgyi-k\u00e9panyag t\u00e1rol\u00f3, feldolgoz\u00f3 \u00e9s tov\u00e1bb\u00edt\u00f3 rendszer alapkoncepci\u00f3j\u00e1nak kidolgoz\u00e1sa (2013)<\/li>\n<li>Komplex VPN alap\u00fa WAN adat\u00e1tviteli rendszer kidolgoz\u00e1sa \u00e9s implement\u00e1ci\u00f3ja, 6 telephelyen, kumul\u00e1lt 1 gbit\/s s\u00e1vsz\u00e9less\u00e9ggel, k\u00fcl\u00f6nb\u00f6z\u0151 adat\u00e1tviteli technik\u00e1kkal (2015)<\/li>\n<li>NATO transzform\u00e1ci\u00f3val kapcsolatos kutat\u00e1sok (2015)<\/li>\n<li>Komplex adatv\u00e9delmi rendszer kialak\u00edt\u00e1sa eg\u00e9szs\u00e9g\u00fcgyi WAN \u00e9s LAN rendszereken (2016)<\/li>\n<li>Magyar-Szerb hat\u00e1ron telep\u00edtett kamera- \u00e9s jelz\u0151rendszer (IBH) projekt, szolg\u00e1ltat\u00f3i oldal vezet\u0151 f\u0151m\u00e9rn\u00f6k (2016-2018)<\/li>\n<li>L\u00e9tfontoss\u00e1g\u00fa rendszerelemek (kritikus infrastrukt\u00far\u00e1k) biztons\u00e1gi \u00e1tvil\u00e1g\u00edt\u00e1sa, biztons\u00e1gtechnikai \u00e9s biztons\u00e1gtechnikai-infokommunik\u00e1ci\u00f3s rendszereik fejleszt\u00e9si tervez\u00e9se, kivitelez\u00e9s fel\u00fcgyelete, speci\u00e1lis szoftverek gy\u00e1rt\u00e1sa (2013-2018)<\/li>\n<li>K\u00fcl\u00f6nb\u00f6z\u0151 m\u00e9ret\u0171 infokommunik\u00e1ci\u00f3s rendszerek fel\u00fcgyelete, infokommunik\u00e1ci\u00f3s biztons\u00e1gi tan\u00e1csad\u00e1s, sz\u00fcks\u00e9g szerint az implement\u00e1ci\u00f3 t\u00e1mogat\u00e1s\u00e1val (folyamatosan 2001 \u00f3ta)<\/li>\n<li>Doktori kutat\u00e1si t\u00e9m\u00e1val \u00f6sszef\u00fcgg\u0151 kutat\u00e1sok (2017-). Kutat\u00e1si t\u00e9ma: \u201eA kiberhadvisel\u00e9s \u00e9s a kritikus inform\u00e1ci\u00f3s infrastrukt\u00far\u00e1k v\u00e9delm\u00e9nek hat\u00e1rter\u00fcletei \u00e9s egy\u00fcttm\u0171k\u00f6d\u00e9s\u00fck keretrendszere\u201d (t\u00e9mavezet\u0151: Prof. Dr. Kov\u00e1cs L\u00e1szl\u00f3 dand\u00e1rt\u00e1bornok)<\/li>\n<\/ul>\n","protected":false},"excerpt":{"rendered":"<p>Kralov\u00e1nszky Krist\u00f3f vagyok. Budapesten sz\u00fclettem, \u00e9s ott v\u00e9geztem \u00e1ltal\u00e1nos iskolai \u00e9s k\u00f6z\u00e9piskolai tanulm\u00e1nyaimat is. Fels\u0151fok\u00fa \u00e9s posztgradu\u00e1lis v\u00e9gzetts\u00e9geim ...<\/p>","protected":false},"author":2,"featured_media":0,"parent":0,"menu_order":0,"comment_status":"closed","ping_status":"closed","template":"","meta":{"_monsterinsights_skip_tracking":false,"_monsterinsights_sitenote_active":false,"_monsterinsights_sitenote_note":"","_monsterinsights_sitenote_category":0,"footnotes":""},"class_list":["post-7","page","type-page","status-publish","hentry"],"aioseo_notices":[],"_links":{"self":[{"href":"https:\/\/kralovanszky.hu\/index.php\/wp-json\/wp\/v2\/pages\/7","targetHints":{"allow":["GET"]}}],"collection":[{"href":"https:\/\/kralovanszky.hu\/index.php\/wp-json\/wp\/v2\/pages"}],"about":[{"href":"https:\/\/kralovanszky.hu\/index.php\/wp-json\/wp\/v2\/types\/page"}],"author":[{"embeddable":true,"href":"https:\/\/kralovanszky.hu\/index.php\/wp-json\/wp\/v2\/users\/2"}],"replies":[{"embeddable":true,"href":"https:\/\/kralovanszky.hu\/index.php\/wp-json\/wp\/v2\/comments?post=7"}],"version-history":[{"count":8,"href":"https:\/\/kralovanszky.hu\/index.php\/wp-json\/wp\/v2\/pages\/7\/revisions"}],"predecessor-version":[{"id":253,"href":"https:\/\/kralovanszky.hu\/index.php\/wp-json\/wp\/v2\/pages\/7\/revisions\/253"}],"wp:attachment":[{"href":"https:\/\/kralovanszky.hu\/index.php\/wp-json\/wp\/v2\/media?parent=7"}],"curies":[{"name":"wp","href":"https:\/\/api.w.org\/{rel}","templated":true}]}}